, 3, 29, 103687
What are the prime factors of 195707011?
19, 10300369
What are the prime factors of 87036288?
2, 3, 226657
List the prime factors of 313178197.
19, 16483063
List the prime factors of 1261079887.
113, 983, 11353
List the prime factors of 7891263.
3, 97423
List the prime factors of 685439980.
2, 5, 34271999
What are the prime factors of 984883788?
2, 3, 7, 947, 4127
List the prime factors of 3446713649.
53, 7481, 8693
What are the prime factors of 11177520?
2, 3, 5, 46573
List the prime factors of 17546967.
3, 43, 45341
What are the prime factors of 105487413?
3, 29, 67, 18097
List the prime factors of 3570038703.
3, 7, 11, 1033, 4987
List the prime factors of 301085446.
2, 150542723
List the prime factors of 280897111.
11, 233, 109597
What are the prime factors of 5656148643?
3, 67, 28140043
What are the prime factors of 11360727?
3, 7, 19, 9491
What are the prime factors of 263100492?
2, 3, 7308347
What are the prime factors of 20678972?
2, 29, 89, 2003
What are the prime factors of 793235015?
5, 127, 653, 1913
List the prime factors of 57612740.
2, 5, 1297, 2221
List the prime factors of 133606824.
2, 3, 13, 428227
What are the prime factors of 70093520?
2, 5, 7, 17881
List the prime factors of 2533429781.
179, 1523, 9293
List the prime factors of 2837322587.
11, 23448947
What are the prime factors of 18027187?
101, 178487
What are the prime factors of 36510417?
3, 593, 6841
List the prime factors of 200585307.
3, 13, 349, 14737
What are the prime factors of 26926246?
2, 139, 96857
List the prime factors of 895681563.
3, 7, 42651503
List the prime factors of 3418311012.
2, 3, 284859251
What are the prime factors of 650797127?
131, 4967917
What are the prime factors of 969694510?
2, 5, 2203, 44017
List the prime factors of 1973207629.
17, 31, 3744227
List the prime factors of 68931119.
5507, 12517
What are the prime factors of 8344798?
2, 7, 11, 7741
List the prime factors of 307170099.
3, 271, 125941
List the prime factors of 64723670.
2, 5, 11, 588397
What are the prime factors of 121921216?
2, 37, 51487
What are the prime factors of 2859522?
2, 3, 476587
List the prime factors of 312315483.
3, 17, 19, 31, 37, 281
List the prime factors of 381068158.
2, 17, 11207887
List the prime factors of 177776677.
13, 167, 6299
What are the prime factors of 1153799807?
23, 3469, 14461
What are the prime factors of 21987772?
2, 5496943
What are the prime factors of 2475743900?
2, 5, 7, 73, 48449
List the prime factors of 75081969.
3, 31, 8681
What are the prime factors of 967834848?
2, 3, 23, 41, 10691
List the prime factors of 1226043665.
5, 7, 11, 3184529
What are the prime factors of 133555808?
2, 17, 97, 2531
List the prime factors of 397858205.
5, 79571641
List the prime factors of 8687221642.
2, 11, 97, 173, 23531
What are the prime factors of 2145826?
2, 29, 36997
List the prime factors of 164349758.
2, 82174879
What are the prime factors of 126423141?
3, 13, 139, 23321
What are the prime factors of 103867809?
3, 2447, 14149
What are the prime factors of 232395152?
2, 11, 1320427
List the prime factors of 161398691.
71, 113, 20117
List the prime factors of 5357553536.
2, 17, 233, 10567
What are the prime factors of 120050239?
120050239
List the prime factors of 1571211190.
2, 5, 23, 1867, 3659
What are the prime factors of 68992961?
68992961
What are the prime factors of 529828484?
2, 132457121
List the prime factors of 2086297280.
2, 5, 19, 343141
What are the prime factors of 36603157?
31, 271, 4357
List the prime factors of 3269479.
71, 46049
What are the prime factors of 47421980?
2, 5, 2371099
What are the prime factors of 9457747944?
2, 3, 4337, 90863
What are the prime factors of 62095225?
5, 43, 47, 1229
List the prime factors of 24544623.
3, 107, 76463
What are the prime factors of 1667268644?
2, 416817161
List the prime factors of 1693724212.
2, 17, 24907709
What are the prime factors of 6803476?
2, 1091, 1559
List the prime factors of 704142733.
7, 41, 2453459
List the prime factors of 54650934.
2, 3, 13, 233551
List the prime factors of 7267374632.
2, 7, 587, 31583
What are the prime factors of 226720304?
2, 103, 137573
List the prime factors of 52391211.
3, 17463737
List the prime factors of 1512200680.
2, 5, 59, 103, 6221
List the prime factors of 56780265.
3, 5, 19, 281, 709
List the prime factors of 60126740.
2, 5, 541, 5557
List the prime factors of 33451612.
2, 8362903
List the prime factors of 81075130.
2, 5, 277, 29269
What are the prime factors of 44034020?
2, 5, 19, 115879
What are the prime factors of 160768952?
2, 47, 137, 3121
What are the prime factors of 1205566440?
2, 3, 5, 13, 31, 97, 257
List the prime factors of 7537208575.
5, 13, 191, 121421
What are the prime factors of 19511916?
2, 3, 1625993
List the prime factors of 666715856.
2, 2053, 20297
List the prime factors of 165748367.
47, 347, 10163
List the prime factors of 41935685.
5, 11, 17, 44851
What are the prime factors of 2086621682?
2, 47, 227, 97789
What are the prime factors of 58138484?
2, 179, 81199
List the prime factors of 3408851.
101, 33751
What are the prime factors of 1771813910?
2, 5, 177181391
What are the prime factors of 1725455794?
2, 103, 571, 14669
What are the prime factors of 66066714?
2, 3, 7, 251, 2089
List the prime factors of 269824567.
19, 41, 346373
List the prime factors of 2374828561.
7, 48465889
List the prime factors of 16222318.
2, 7, 17, 68161
List the prime factors of 2346620823.
3, 17, 449, 34159
List the prime factors of 1672015904.
2, 13, 571, 7039
List the prime factors of 43368071.
17, 2551063
List the prime factors of 960867830.
2, 5, 13, 7391291
What are the prime factors of 159502810?
2, 5, 73, 151, 1447
List the prime factors of 52443064.
2, 6555383
List the prime factors of 478981103.
17, 347, 81197
List the prime factors of 235852807.
43, 5484949
What are the prime factors of 157171629?
3, 19, 2757397
List the prime factors of 386345421.
3, 7, 11, 23, 24239
List the prime factors of 50383212.
2, 3, 11, 19, 20089
List the prime factors of 1973095793.
19, 103847147
List the prime factors of 8445359.
13, 649643
List the prime factors of 52891432.
2, 11, 601039
What are the prime factors of 229839580?
2, 5, 19, 31, 109, 179
List the prime factors of 74374035.
3, 5, 139, 35671
List the prime factors of 196246191.
3, 79, 828043
What are the prime factors of 1177864112?
2, 19, 283, 13691
List the prime factors of 3213937.
3213937
List the prime factors of 36644440.
2, 5, 7, 130873
What are the prime factors of 254620566?
2, 3, 2141, 6607
List the prime factors of 53400180.
2, 3, 5, 890003
What are the prime factors of 11694594?
2, 3, 41, 137, 347
What are the prime factors of 688285748?
2, 313, 549749
What are the prime factors of 2928812?
2, 19, 89, 433
What are the prime factors of 865796018?
2, 432898009
What are the prime factors of 160018393?
107, 397, 3767
List the prime factors of 3912204382.
2, 1956102191
What are the prime factors of 60313032?
2, 3, 13, 47, 457
List the prime factors of 524559786.
2, 3, 17, 71, 113, 641
List the prime factors of 22225225.
5, 11, 80819
List the prime factors of 63192644.
2, 41, 385321
What are the prime factors of 8102167?
8102167
What are the prime factors of 1445972020?
2, 5, 72298601
What are the prime factors of 112985012?
2, 7, 41, 98419
List the prime factors of 341288219.
5869, 58151
What are the prime factors of 93035179?
419, 222041
What are the prime factors of 144966589?
144966589
List the prime factors of 167322500.
2, 5, 17, 31, 127
List the prime factors of 1188211310.
2, 5, 11, 13, 281, 2957
What are the prime factors of 1505876309?
7, 23, 131, 71399
What are the prime factors of 2734105?
5, 11, 49711
What are the prime factors of 1157173488?
2, 3, 8035927
What are the prime factors of 3559984185?
3, 5, 59, 4022581
What are the prime factors of 2643158456?
2, 31, 197, 54101
List the prime factors of 902917544.
2, 19, 79, 75193
What are the prime factors of 74614096?
2, 41, 107, 1063
What are the prime factors of 21919422?
2, 3, 7, 43, 53, 229
What are the prime factors of 533844726?
2, 3, 53, 1678757
What are the prime factors of 144514731?
3, 431, 111767
What are the prime factors of 2187689830?
2, 5, 19, 163, 70639
List the prime factors of 8151